eds digit of b?
1
Let b = 422 - 241. What is the hundreds digit of b - -2 - -3*(-1 - 0)?
1
Let d = 1626 - 899. What is the tens digit of d?
2
Let u(t) be the third derivative of t**6/60 - t**5/15 + 5*t**4/24 - t**3/2 + 11*t**2. What is the tens digit of u(4)?
8
Let l be (-1246)/42*(0 + 3). Let y = l - -124. What is the tens digit of y?
3
Let j be -4*((-284)/(-8) - -1) + 0. Let q = j + 265. What is the tens digit of q?
1
Suppose -4*l + 0*l = -3*l. Suppose l = -4*m + 341 + 3. What is the units digit of m?
6
Let f(i) = -i**2 + 3*i - 9. Let h be f(7). Let x = 102 + h. What is the units digit of x?
5
What is the tens digit of (4*-25)/(1/28*-4)?
0
Let v be (-208)/(-12)*12/(-8). Let h be v/(-6) - (-10)/(-30). Suppose -i - 8 + 3 = 0, 3*i + 31 = h*z. What is the units digit of z?
4
Let w(q) be the second derivative of q**4/6 - 2*q**3/3 - 2*q**2 - 8*q. What is the tens digit of w(-5)?
6
Suppose -86944 = -38*j + 38. What is the tens digit of j?
8
Suppose -4*z + 35 = z. Suppose -3*l + 2*k - z*k = -165, -3*k = -9. Let i = l + -1. What is the tens digit of i?
4
Let q = -20 - -35. Suppose -v + 70 + q = 0. What is the units digit of v?
5
Let v(n) = -n**3 - 4*n**2 - 5*n. Let i be v(-4). Suppose -k + 2*k - i = 0. Let w = -1 + k. What is the tens digit of w?
1
Suppose 4*j = 2*c, 0 = -0*c + 3*c - 3*j. Suppose 3*d - 29 = -4*b, -4*d + b + 0*b + 26 = c. What is the units digit of d?
7
Let k(s) be the second derivative of 14*s**3/3 - 25*s**2 + 22*s. What is the units digit of k(8)?
4
Let s = 1486 + 10. What is the thousands digit of s?
1
Let t(z) = 253*z + 12. What is the units digit of t(2)?
8
Suppose -4*t + s + 1085 = t, -217 = -t + 3*s. Suppose -k + 49 = -2*w, -2*w - w = -5*k + t. What is the tens digit of k?
4
What is the tens digit of -4 + (4 - (1 + -7)) + 2561?
6
Let u(y) = -6*y + 1. Let r(a) = 5*a - 1. Let i(d) = 5*r(d) + 6*u(d). What is the units digit of i(-1)?
2
Suppose -29 = -3*m + 16. Suppose m*z - 16 = 11*z. Suppose u + z*n - 18 = 44, 0 = 4*u - n - 231. What is the tens digit of u?
5
Let i be 4 + (-4 - -7 - 6). Suppose -5*v + 0*f - 2*f + 5 = 0, -2*v = f - i. Suppose 18 = 2*a + 5*t, 2 = -a - v*t + 11. What is the units digit of a?
9
Suppose 9023 = -11*s + 18*s. What is the thousands digit of s?
1
Let s(q) = 4*q**2 + 4*q - 93. What is the hundreds digit of s(12)?
5
Let l = 152 - 11. What is the tens digit of l?
4
Let v be (-2)/(-4) + (-125)/(-10). Let y(p) = 13*p + 1 + 2*p - v + 2*p**2. What is the tens digit of y(-11)?
6
Let i = -31 - -35. Suppose 29 = -i*d + 1. What is the tens digit of 84/18*(-18)/d?
1
Suppose 5*v - 29 = 61. What is the units digit of 1*v/(-15)*-10?
2
Suppose 5*c - 2*x = 12, -2*c + 2 = -x - 2. Let j be 1/(-2) + c/8. Suppose h - 4*y - 2 = j, 2*y - 31 = -5*h + y. What is the units digit of h?
6
Let s(i) = 4*i**3 + 2*i**2 + i - 2. Let y be s(1). Suppose y*z + 5 = -0. Let a(x) = 19*x**2 + x. What is the units digit of a(z)?
8
Suppose 3*d - 2205 = 3*h, 4*h + 19 = -1. What is the tens digit of d?
3
Let b be ((-4)/2)/(2/(-3)). Suppose 2*y - 3*h + 7 = -1, y + b = 2*h. Let g = y - -19. What is the tens digit of g?
1
Let s be (-2)/3 + 1/(-3)*-11. What is the tens digit of -1*(-5*16 - s)?
8
Let s(t) = -39*t - 7. Let y(l) = -26*l - 5. Let o(u) = 5*s(u) - 7*y(u). Suppose 0*r + 3*r = -6. What is the tens digit of o(r)?
2
Let t(i) = 128*i - 3. Let b(r) = -r**3 - 27*r**2 - 27*r - 24. Let u be b(-26). What is the units digit of t(u)?
3
Let w(x) = -x + 2. Let u be w(6). Let c be 2 + (1 - 9)/u. Let y(f) = 3*f**2 - 6*f + 9. What is the tens digit of y(c)?
3
Suppose -7*b - 173 = 177. Let i be (0 - -1)/((-1)/72). Let n = b - i. What is the tens digit of n?
2
Let z be 4 + 5*(-2)/(-2) + -1. Let h(v) = -4*v + 47. What is the tens digit of h(z)?
1
Let u(z) be the first derivative of -z**4/4 - 8*z**3/3 + 4*z**2 - 6*z + 73. Let a = -23 + 14. What is the units digit of u(a)?
3
Let c(g) = 2*g - 36. Let b be c(18). Suppose 15*w - 14*w - 80 = b. What is the units digit of w?
0
What is the units digit of ((-3)/(15/(-880)))/(5/15)?
8
Let y(k) = k + 7*k**3 - 4*k**2 - 3 - 2*k**3 + 7. Let o(c) = -58*c + 118. Let p be o(2). What is the units digit of y(p)?
0
Let o(y) = 39*y**2 + 7*y - 67. What is the thousands digit of o(-10)?
3
Let b(c) = c**2 + 4. Let y be b(0). Suppose -83 = y*n + 77. What is the tens digit of (-4)/n*46*5?
2
Suppose 0 = -11*v + 8*v + 552. Suppose 142*a - v = 141*a. What is the tens digit of a?
8
Suppose 0 = 3*a - 4*v - 150, -98 = -2*a + 4*v + 6. What is the units digit of a?
6
What is the tens digit of (-25584)/(-24) + 8/2?
7
What is the tens digit of 192/672 + (-9021)/(-7)?
8
Let f be (-4)/(-2) + (4 - -3). Let c = 14 - f. Suppose -4*d - d - t + 35 = 0, c*t - 1 = 4*d. What is the units digit of d?
6
Let t(p) = -71*p + 904. What is the thousands digit of t(-29)?
2
Suppose 5*p - 2*a + 0*a - 10 = 0, -a = 4*p + 5. Suppose p*h + 6 = 2*h. What is the units digit of h/((-3)/(-1))*7?
7
What is the hundreds digit of (4 - -679) + (-4)/1?
6
Let z(d) = 2*d**2 - 41*d - 2. Let x be z(21). Suppose -50 = -x*v + 17*v. What is the units digit of v?
5
Let m = 8 - 10. Let y be (-2 - m)/(2/(-2)). Suppose y = h - 5*h + 5*d + 184, 0 = 5*d. What is the tens digit of h?
4
What is the tens digit of ((-227)/(-3) - 3)/((-3)/(-18))?
3
Let t(m) = -169*m - 32. Let s(d) = -56*d - 11. Let g(x) = -8*s(x) + 3*t(x). What is the units digit of g(-3)?
9
Suppose -836 = 3*u - f, -4*u - 2*f = -0*f + 1118. Let x = u + 446. What is the hundreds digit of x?
1
What is the units digit of ((1 - 0) + -8)*8119/(-161)?
3
Let x(v) = v**2 - 5*v - 6. Let r be x(8). Suppose 23*t - 370 = r*t. What is the units digit of t?
4
Let k(n) = n**3 + 15*n**2 + 11*n - 1. What is the tens digit of k(-12)?
9
Let r(o) be the third derivative of -o**6/120 - 2*o**5/15 + o**4/3 - o**3/3 + 2*o**2. Let k be r(-9). Suppose v = 47 - k. What is the tens digit of v?
4
Let c = -278 + 683. What is the hundreds digit of c?
4
Let x be -26*((-11)/2 - -5). Suppose o - 163 = -x. What is the units digit of o?
0
Let u be 0 - (5/((-5)/(-4)) + -6). Suppose u*x - 135 - 133 = 0. What is the units digit of x?
4
Suppose -5*p = 5, -3*o - 1 = -2*o + 3*p. Suppose -2*i - 3*i + o*c = -60, 3*c + 45 = 3*i. What is the tens digit of i?
1
Suppose 4*p = -3 + 11. Suppose 3*n - 13 = 3*z - p*z, -4*z - 31 = -5*n. What is the units digit of n/(-1)*(-344)/24?
3
Let m be 28/3*(-12)/8. Let z be (-10 - m) + -1 + 1. Suppose s + 48 = z*s. What is the tens digit of s?
1
Let w(z) be the third derivative of -z**5/60 + 7*z**4/12 - 23*z**3/6 - 24*z**2. What is the tens digit of w(9)?
2
What is the thousands digit of (-6)/2 + 200/(-12)*-120?
1
Suppose 3*u + 840 = -3*a, -3*u = -u - 10. What is the units digit of a/(-6)*3*(-32)/(-30)?
2
Suppose -2*h - 2*k + 3794 = -4*k, -5*h + 3*k = -9481. What is the units digit of h?
5
Suppose 4*k = 5*r - 158, -3*k + r + 2*r = 120. Let x = k + 295. What is the units digit of x?
3
Let w(f) be the third derivative of f**5/60 - 7*f**4/24 + f**3/3 - 9*f**2. What is the tens digit of w(8)?
1
Let a = 147 - 63. Suppose a = 4*l - l + 4*c, -3*l - 5*c = -81. What is the tens digit of l?
3
Let w be (-1164)/(-36) - (-2)/3. Suppose 5*c - 2 = 3*s + 33, 0 = 2*s + 5*c + 65. Let h = w + s. What is the tens digit of h?
1
Suppose 0 = -2*d + 5*q + 9616, 20*q - 18*q = -5*d + 24011. What is the thousands digit of d?
4
Let b(o) = 3*o**2 - 4. Let c be (-6)/(-9) + (-2)/3. Suppose 5*j + 2 - 17 = c. What is the tens digit of b(j)?
2
Let d(w) = 7*w**2 - 3*w - 6. Let i be d(-3). What is the tens digit of i/(-9)*15/(-10)?
1
Suppose -16597 = -26*l + 4827. What is the units digit of l?
4
Let k be (2 - 4)/((-6)/39). Suppose 3*b + 2*z - k = 0, 5*b - 4*b + 3*z - 2 = 0. What is the units digit of b?
5
Let m(z) = -z**2 - 2*z - 6. Let j be m(-6). Suppose -2 = -3*d - 2*a, -12 = -4*d + 2*d - 4*a. What is the tens digit of ((-28)/(-10))/(d/j)?
4
Let q be 48/(-128) - ((-111)/(-24) - 0). Let h be 2 + 1 + -1 + 37. Let n = h - q. What is the tens digit of n?
4
Suppose 7 = r + b + b, 2*b - 6 = 0. What is the tens digit of 2 + r - (-6 - 26)?
3
Suppose 0 = 4*i - m - 743, 2*m - 3*m - 188 = -i. What is the hundreds digit of i + 6/36*6?
1
Let k be (0/2)/(((-24)/3)/(-8)). Suppose -18*h + 23*h - 420 = k. What is the tens digit of h?
8
Let m be 4/(-30) - 976/(-120). Suppose -a - 4 = 2*